e p(l).
-7
Let k = -15064 - -15068. Let o(s) = -s**3 + 7*s**2 - 19*s + 34. What is o(k)?
6
Let n(q) = 9*q + 25 + 22 - 24*q + 14*q. Let a be n(13). Let p = a + -37. Let c(m) = -m**3 - 2*m**2 + 2*m + 1. Determine c(p).
4
Let f(u) = -2*u**2 - u - 1 - 3*u**2 + 8*u**2. Let x(o) = o**3 + 5*o**2 + 3*o + 12. Let t be x(-5). Let m be 0 + 0 + t*(-6)/9. Determine f(m).
9
Let z(w) = 117*w - 3629. Let f be z(31). Let b(p) = 5*p - 7. Calculate b(f).
-17
Let p(w) = w**3 + 7*w**2 + 3. Suppose -2*x = 14*x - 48. Suppose 4*k - x*j + 43 = 0, j + 40 - 17 = -4*k. Calculate p(k).
3
Let d(u) = 7*u**3 - 4*u**2 + 10*u - 3. Let m(c) = -6*c**3 + 5*c**2 - 10*c + 3. Suppose -37 = -8*r + 11. Let k(i) = r*m(i) + 5*d(i). Determine k(9).
-6
Let k(v) = -v**3 - 4*v**2 - 9*v - 6*v**2 + 0*v**2 - 10 + 2*v**2. Let w be k(-7). Let p be w/(-20) + 20/(-25). Let t(a) = -7*a**2 - 2*a - 1. Calculate t(p).
-6
Let c be 133/(-4) - (990/(-88) - -11). Let i(t) = -t - 53. Calculate i(c).
-20
Let p(i) = -i**2 - 14*i + 36. Suppose -409 = 25*c - 9. Give p(c).
4
Let m(b) be the second derivative of -b**3/6 + 7*b**2 - b + 21. Suppose -5*j = 2*d - 9 - 8, 4*d = j + 45. What is m(d)?
3
Suppose 145*u + 204*u - 5256 = 57*u. Let c(j) = j**2 - 14*j - 34. Calculate c(u).
38
Let x(b) be the second derivative of -b - 143 + 11/2*b**2 - 1/3*b**3. What is x(7)?
-3
Suppose -5*i + 266 = 2*i. Suppose -i - 17 = -11*b. Let c(k) = b*k + 26 - 7*k - 24 - 2*k**2. What is c(-2)?
-2
Let t(x) be the first derivative of 5*x**3/3 + 3*x**2/2 + x - 94. Let y be 2/4 - (-5)/(-2). Give t(y).
15
Let i(r) = -2*r + 136. Let j(m) = -28. Let g(p) = 3*i(p) + 14*j(p). Determine g(4).
-8
Let o(j) = -j**3 - 11*j**2 + 2*j + 24. Let a = -316 + 382. Let c be (-12 - -1)/(a - 65). What is o(c)?
2
Let u(x) = 3*x + 3. Let o(b) = b. Let z(y) = -y**2 + 2*y - 2. Let i = 109 - 108. Let s(r) = i*z(r) - 4*o(r). Let l be s(0). Give u(l).
-3
Let b(t) = -t + 28. Let m be b(16). Suppose h + m = 4*h. Let q(g) be the first derivative of 2*g**2 + g - 14. What is q(h)?
17
Let q(p) = -21*p**2 + 4*p + 15. Let h(a) = 4*a**2 - 3. Let y(x) = 5*h(x) + q(x). Let s(f) = 2*f**2 - 8*f + 1 - 1. Let b(n) = -6*s(n) - 13*y(n). What is b(4)?
0
Let d(b) = -6*b**2 + 5*b - 94. Let n(v) = 6*v**2 - 7*v + 111. Let h(a) = -6*d(a) - 5*n(a). Calculate h(-2).
23
Let g(v) = -v + 16. Let q be g(14). Let m be q + 0 + (-12)/(-4). Let y(x) = -x**3 + 5 + 4*x**2 - 7 + 4*x - 1. Calculate y(m).
-8
Let d(v) be the second derivative of 5*v**3 + 4*v**2 - 4*v - 30. Calculate d(-2).
-52
Let r be 732 + (2 - (4 - 1)). Let j = 730 - r. Let z(n) = -2*n - 2. Give z(j).
0
Let c(m) = -m - 6. Let t = -3759 - -3739. Calculate c(t).
14
Suppose 7*h = 3*h - 8. Let k = -2 - h. Let d(m) be the first derivative of m**2/2 + 7*m - 67071. What is d(k)?
7
Let w(c) = 4*c + 4. Let k be 5*(-871)/(-26) + (-6)/4. Let g = k + -174. Give w(g).
-28
Let u(q) = -2*q + 19*q**2 + 9*q**2 + 10*q**2 + 22*q**2 - 52*q**2. Determine u(-2).
36
Let o(k) be the first derivative of -k**3/3 - 4*k**2 - k + 27064. Suppose -2 = -5*q - 32. Calculate o(q).
11
Let n(x) = x**2 + 5*x - 10. Let g be 24/5*(-210)/(-9). Let z be g/(-19) - 48/456. Calculate n(z).
-4
Let c(q) = q**3 - q**2 - 23*q + 13. Let h = -2406 - -2411. Give c(h).
-2
Let k(p) = -p**3 - 5*p**2 - 2*p - 2. Let j be 9/(-3) + -5 + -7. Let q = 25 + j. Suppose -10 = s + 2*g, -s = 2*s + g + q. Calculate k(s).
-10
Let b(z) = -41*z + 42. Let w be b(1). Let j(i) = 15*i - 14. Give j(w).
1
Let h(j) = 24*j**3 + 20*j**2 + 30*j - 17. Let o(u) = -11*u**3 - 8*u**2 - 14*u + 8. Let z(w) = -6*h(w) - 13*o(w). What is z(-16)?
-34
Let z(u) = 53*u - 13. Let r(o) = -194*o + 51. Let v(p) = -6*r(p) - 22*z(p). Determine v(-19).
18
Let w = 52 - -91. Let u = w + -150. Let h(x) = x**3 + 7*x**2 + 3*x + 1. Let n(f) = -f + 1. Let k(l) = h(l) + 4*n(l). What is k(u)?
12
Let p(r) = 12*r + 42 - 6*r - 71 - 11 - 68. Determine p(23).
30
Let s(q) be the third derivative of q**6/360 - q**5/24 + q**4/24 + 25*q**3 + 100*q**2. Let p(c) be the first derivative of s(c). Determine p(3).
-5
Let r = 427 - 425. Suppose 2*b + 5*a = 7*a + 18, -24 = -5*b - r*a. Let f(z) = -4*z - 8. Calculate f(b).
-32
Let w(n) = -n**3 - n**2 + 1. Let y be (27/(-15))/(6/(-20)). Let g(v) = -5*v + y*v - 11 - 1. Let a be g(12). What is w(a)?
1
Let d(h) = 2*h**2 - 11*h + 1. Let q = -169 - -166. Let a(c) = -c**2 + 6*c. Let n(i) = q*d(i) - 5*a(i). Determine n(3).
-3
Let b = 11195 - 11227. Let n(c) = -c**3 - 31*c**2 + 33*c + 37. Determine n(b).
5
Let y(f) = 4*f - 3. Suppose -2*q + 58 = q + z, -5*z - 70 = -3*q. Let b be (6/8)/(((-10)/(-2))/q). Suppose 2 + 4 = b*v. Determine y(v).
5
Let y(x) = 3*x - 9. Let f(h) = h - 2. Let l(k) = -9*f(k) + 2*y(k). Suppose 214720*w + 32 = 214704*w. Give l(w).
6
Let i(p) = 4*p**2 + 12*p - 8. Let r(t) = 3*t**2 + 11*t - 8. Let y(j) = -2*i(j) + 3*r(j). Let l = -106 - -99. Determine y(l).
-22
Let s be 4 - 3/21*63. Let t(i) = i**3 + 9*i - 4*i + 7*i + 7*i**2 + 4. Determine t(s).
-6
Suppose -3*t = 2*l - 14, 7*t = 8*l - 3*l + 52. Let p(j) = -7*j**3 - 2*j**2 - 5*j + 3. What is p(l)?
61
Let d be 15/6*120/50. Let l(q) = -q**2 - 1 - d*q**2 + 7*q + 6*q**2 - 2 - 1. Determine l(6).
2
Let i = 936 - 935. Suppose 2*y - 30 = 4*b, i = -2*y - 5*b - 5. Let v(z) = 4*z - 33. Calculate v(y).
-5
Let b(d) = -d**3 + 9*d**2 + 50*d + 24. Let y be b(13). Let v(z) = z**2 - z + 1. Let s(w) = w**2 + 2. Let p(h) = -3*s(h) + 2*v(h). What is p(y)?
-4
Let b(g) be the third derivative of g**6/120 + g**5/10 - 13*g**4/24 - 31*g**3/6 - 7097*g**2. What is b(-7)?
11
Suppose 1 + 8 = -3*c. Let u(d) = 11*d**2 - 19*d - 19. Let y(v) = 5*v**2 - 9*v - 9. Let q be (10 + 3)/(1/(-1)). Let w(k) = q*y(k) + 6*u(k). Give w(c).
3
Let l(m) = 6*m**3 - 20*m**2 + m - 139. Let j(z) = z**3 - 2*z**2 - 23. Let x(v) = 13*j(v) - 2*l(v). Calculate x(-14).
7
Suppose 2665*f - 2670*f = 0. Let h(l) be the third derivative of 1/6*l**3 + 0*l + f - 28*l**2 + 1/8*l**4. Give h(-4).
-11
Let o(a) = 214*a + 3191. Let d be o(-15). Let h(l) = -3*l - 29. Give h(d).
28
Let h be (-15)/((-3)/(-3))*(-3)/3. Let k = -5 + 17. Suppose 15 = -h*j + k*j. Let t(q) = q**2 + 5*q + 2. Calculate t(j).
2
Let i(b) = b**2 - 15*b - 12. Let k = -6610 + 6626. Give i(k).
4
Let h(l) be the first derivative of -9*l**2/2 - 19*l + 806. What is h(-2)?
-1
Let p = 13 + -23. Let k(n) be the second derivative of 5/3*n**3 - 5/2*n**2 - 184*n + 0 + 1/12*n**4. What is k(p)?
-5
Let s(g) = -3*g + 2. Let r(o) be the first derivative of 15 - 1/2*o**2 + 6*o. Let q be r(4). Determine s(q).
-4
Let r(p) = 3*p**2 + 20*p - p + 17 - 2*p**2. Let s be 328/(-18) + (25/153 - 360/(-6120)). Determine r(s).
-1
Let m(j) = 2*j**3 - 2*j**2 + 1. Let c(n) = -2*n - 21. Let q be c(-10). Let z = -1 - q. Suppose -3*o = z, -5*p - 5*o + 3 - 8 = 0. Give m(p).
-3
Suppose 2*d - 20 = -5*u, -6*u + 2*u = -4*d - 16. Let s(a) = 132 + u*a - 3*a + 4*a - 130. Determine s(-2).
-8
Let r(h) be the third derivative of -h**6/120 + h**5/12 + 3*h**4/8 + 5*h**3/3 + 12*h**2 + 2*h. Let y(j) = j**2 + 6*j - 105. Let z be y(8). Calculate r(z).
-25
Let c(h) = -h**3 + 7*h**2 - 6*h + 14. Let t = -58 - -64. Let y be c(t). Suppose 12*i - 14 = y*i. Let l(o) = -o**2 - 6*o + 3. Give l(i).
-4
Let q = 141 - 146. Let y(l) = -l**2 - 5*l + 4. Let d be y(q). Let g(n) = -4*n + 4. Determine g(d).
-12
Suppose -6 = -2*p - 0*p, 0 = 3*j + 3*p - 1398. Let g = j + -467. Let a(h) be the first derivative of -h**2/2 + 2*h + 2. Determine a(g).
6
Let x(f) = 8*f + 5*f**3 - 5*f**2 - 3*f**2 - 6*f**3 + 13*f**2 - 3. Suppose 3*w = -0*w. Suppose 3*s - 6 = v, -4*v + w*s + 3*s = -12. Determine x(v).
9
Let w(k) = k**2 - 2*k - 50. Suppose 24 = 4*r, 130*y - 129*y + 4*r - 16 = 0. Determine w(y).
30
Let l(s) = -s**2 - 10*s + 7. Suppose 22*t + 3*t = 6825. Let g = t - 283. Calculate l(g).
7
Let w = -117 - -174. Let o(t) = -12*t - 14*t - 12*t - 22*t - 14 + w*t. What is o(-10)?
16
Let t(d) = -d**2 - 35*d - 48. Let z(s) = 2*s**2 + 74*s + 100. Let g(u) = 9*t(u) + 4*z(u). What is g(-17)?
2
Let f(h) = h**3 - 8*h**2 + 8*h + 7. Let n be -2 + (2 - -15) - 4. Suppose -n*q + 18*q - 196 = 0. Suppose 8*p = 4*p + q. Calculate f(p).
14
Let y be ((-84)/(-210))/(2/10). Let i(x) = x - 1 + 203*x**2 + 196*x**y - 402*x**2. Determine i(1).
-3
Let r(f) be the second derivative of 1/2*f**2 + 1/20*f**5 + 0 + 1/6*f**4 - 1/3*f**3 + 66*f. Give r(-3).
-2
Let k(o) = -6